{"id":146,"date":"2021-01-30T22:04:18","date_gmt":"2021-01-30T22:04:18","guid":{"rendered":"https:\/\/fincaelcarbayal.com\/?page_id=146"},"modified":"2021-02-02T22:00:36","modified_gmt":"2021-02-02T22:00:36","slug":"nuestro-entorno","status":"publish","type":"page","link":"https:\/\/fincaelcarbayal.com\/index.php\/nuestro-entorno\/","title":{"rendered":"Nuestro entorno"},"content":{"rendered":"\t\t<div data-elementor-type=\"wp-page\" data-elementor-id=\"146\" class=\"elementor elementor-146\" data-elementor-settings=\"[]\">\n\t\t\t<div class=\"elementor-inner\">\n\t\t\t\t<div class=\"elementor-section-wrap\">\n\t\t\t\t\t\t\t<section class=\"elementor-element elementor-element-eaa165a elementor-section-boxed elementor-section-height-default elementor-section-height-default elementor-section elementor-top-section\" data-id=\"eaa165a\" data-element_type=\"section\">\n\t\t\t\t\t\t<div class=\"elementor-container elementor-column-gap-default\">\n\t\t\t\t<div class=\"elementor-row\">\n\t\t\t\t<div class=\"elementor-element elementor-element-e037cb6 elementor-column elementor-col-50 elementor-top-column\" data-id=\"e037cb6\" data-element_type=\"column\">\n\t\t\t<div class=\"elementor-column-wrap  elementor-element-populated\">\n\t\t\t\t\t<div class=\"elementor-widget-wrap\">\n\t\t\t\t<div class=\"elementor-element elementor-element-253a83c elementor-widget elementor-widget-heading\" data-id=\"253a83c\" data-element_type=\"widget\" data-widget_type=\"heading.default\">\n\t\t\t\t<div class=\"elementor-widget-container\">\n\t\t\t<h2 class=\"elementor-heading-title elementor-size-default\">Cabo Pe\u00f1as: Frente al Cant\u00e1brico infinito<\/h2>\t\t<\/div>\n\t\t\t\t<\/div>\n\t\t\t\t<div class=\"elementor-element elementor-element-ddf6fb8 elementor-widget elementor-widget-text-editor\" data-id=\"ddf6fb8\" data-element_type=\"widget\" data-widget_type=\"text-editor.default\">\n\t\t\t\t<div class=\"elementor-widget-container\">\n\t\t\t\t\t<div class=\"elementor-text-editor elementor-clearfix\"><p style=\"text-align: center;\">Cabo de Pe\u00f1as es el punto m\u00e1s al norte de Asturias, y uno de los m\u00e1s septentrionales de Espa\u00f1a. Frente a su imponente y rocoso acantilado, s\u00f3lo se divisa el Mar Cant\u00e1brico, perdi\u00e9ndose la vista en su azul horizonte.<\/p><p style=\"text-align: center;\">Estamos ante un <strong>paraje de extrema belleza, natural y salvaje<\/strong>: presume de tener una fauna y flora \u00fanica. No s\u00f3lo aves marinas, tambi\u00e9n es un buen lugar para avistar cet\u00e1ceos.<br \/><br \/>Su faro, el de mayor alcance del litoral asturiano, se puede visitar. En la planta baja se sit\u00faa un <strong>Centro de Interpretaci\u00f3n Marina del Cabo de Pe\u00f1as.<\/strong><br \/><br \/>El Cabo de Pe\u00f1as pertenece al <strong>concejo de Goz\u00f3n<\/strong>, cuya capital es la villa marinera de Luanco, antiguo puerto ballenero.<\/p><\/div>\n\t\t\t\t<\/div>\n\t\t\t\t<\/div>\n\t\t\t\t\t\t<\/div>\n\t\t\t<\/div>\n\t\t<\/div>\n\t\t\t\t<div class=\"elementor-element elementor-element-cb55878 elementor-column elementor-col-50 elementor-top-column\" data-id=\"cb55878\" data-element_type=\"column\">\n\t\t\t<div class=\"elementor-column-wrap  elementor-element-populated\">\n\t\t\t\t\t<div class=\"elementor-widget-wrap\">\n\t\t\t\t<div class=\"elementor-element elementor-element-c96589e elementor-widget elementor-widget-spacer\" data-id=\"c96589e\" data-element_type=\"widget\" data-widget_type=\"spacer.default\">\n\t\t\t\t<div class=\"elementor-widget-container\">\n\t\t\t\t\t<div class=\"elementor-spacer\">\n\t\t\t<div class=\"elementor-spacer-inner\"><\/div>\n\t\t<\/div>\n\t\t\t\t<\/div>\n\t\t\t\t<\/div>\n\t\t\t\t<div class=\"elementor-element elementor-element-41fad8d elementor-widget elementor-widget-image\" data-id=\"41fad8d\" data-element_type=\"widget\" data-widget_type=\"image.default\">\n\t\t\t\t<div class=\"elementor-widget-container\">\n\t\t\t\t\t<div class=\"elementor-image\">\n\t\t\t\t\t\t\t\t\t\t<img width=\"768\" height=\"361\" src=\"https:\/\/fincaelcarbayal.com\/wp-content\/uploads\/2021\/02\/cabo-penas-asturias-1024x481.jpg\" class=\"attachment-large size-large\" alt=\"\" loading=\"lazy\" srcset=\"https:\/\/fincaelcarbayal.com\/wp-content\/uploads\/2021\/02\/cabo-penas-asturias-1024x481.jpg 1024w, https:\/\/fincaelcarbayal.com\/wp-content\/uploads\/2021\/02\/cabo-penas-asturias-300x141.jpg 300w, https:\/\/fincaelcarbayal.com\/wp-content\/uploads\/2021\/02\/cabo-penas-asturias-768x360.jpg 768w, https:\/\/fincaelcarbayal.com\/wp-content\/uploads\/2021\/02\/cabo-penas-asturias-1536x721.jpg 1536w, https:\/\/fincaelcarbayal.com\/wp-content\/uploads\/2021\/02\/cabo-penas-asturias.jpg 1564w\" sizes=\"(max-width: 768px) 100vw, 768px\" \/>\t\t\t\t\t\t\t\t\t\t\t<\/div>\n\t\t\t\t<\/div>\n\t\t\t\t<\/div>\n\t\t\t\t\t\t<\/div>\n\t\t\t<\/div>\n\t\t<\/div>\n\t\t\t\t\t\t<\/div>\n\t\t\t<\/div>\n\t\t<\/section>\n\t\t\t\t<section class=\"elementor-element elementor-element-0526562 elementor-section-boxed elementor-section-height-default elementor-section-height-default elementor-section elementor-top-section\" data-id=\"0526562\" data-element_type=\"section\">\n\t\t\t\t\t\t<div class=\"elementor-container elementor-column-gap-default\">\n\t\t\t\t<div class=\"elementor-row\">\n\t\t\t\t<div class=\"elementor-element elementor-element-14ed0fb elementor-column elementor-col-50 elementor-top-column\" data-id=\"14ed0fb\" data-element_type=\"column\">\n\t\t\t<div class=\"elementor-column-wrap  elementor-element-populated\">\n\t\t\t\t\t<div class=\"elementor-widget-wrap\">\n\t\t\t\t<div class=\"elementor-element elementor-element-3550d32 elementor-widget elementor-widget-image\" data-id=\"3550d32\" data-element_type=\"widget\" data-widget_type=\"image.default\">\n\t\t\t\t<div class=\"elementor-widget-container\">\n\t\t\t\t\t<div class=\"elementor-image\">\n\t\t\t\t\t\t\t\t\t\t<img width=\"768\" height=\"512\" src=\"https:\/\/fincaelcarbayal.com\/wp-content\/uploads\/2021\/02\/luanco-1024x682.jpg\" class=\"attachment-large size-large\" alt=\"\" loading=\"lazy\" srcset=\"https:\/\/fincaelcarbayal.com\/wp-content\/uploads\/2021\/02\/luanco-1024x682.jpg 1024w, https:\/\/fincaelcarbayal.com\/wp-content\/uploads\/2021\/02\/luanco-300x200.jpg 300w, https:\/\/fincaelcarbayal.com\/wp-content\/uploads\/2021\/02\/luanco-768x512.jpg 768w, https:\/\/fincaelcarbayal.com\/wp-content\/uploads\/2021\/02\/luanco-1536x1023.jpg 1536w, https:\/\/fincaelcarbayal.com\/wp-content\/uploads\/2021\/02\/luanco.jpg 1600w\" sizes=\"(max-width: 768px) 100vw, 768px\" \/>\t\t\t\t\t\t\t\t\t\t\t<\/div>\n\t\t\t\t<\/div>\n\t\t\t\t<\/div>\n\t\t\t\t\t\t<\/div>\n\t\t\t<\/div>\n\t\t<\/div>\n\t\t\t\t<div class=\"elementor-element elementor-element-330e344 elementor-column elementor-col-50 elementor-top-column\" data-id=\"330e344\" data-element_type=\"column\">\n\t\t\t<div class=\"elementor-column-wrap  elementor-element-populated\">\n\t\t\t\t\t<div class=\"elementor-widget-wrap\">\n\t\t\t\t<div class=\"elementor-element elementor-element-7d985a1 elementor-widget elementor-widget-spacer\" data-id=\"7d985a1\" data-element_type=\"widget\" data-widget_type=\"spacer.default\">\n\t\t\t\t<div class=\"elementor-widget-container\">\n\t\t\t\t\t<div class=\"elementor-spacer\">\n\t\t\t<div class=\"elementor-spacer-inner\"><\/div>\n\t\t<\/div>\n\t\t\t\t<\/div>\n\t\t\t\t<\/div>\n\t\t\t\t<div class=\"elementor-element elementor-element-1b282d8 elementor-widget elementor-widget-heading\" data-id=\"1b282d8\" data-element_type=\"widget\" data-widget_type=\"heading.default\">\n\t\t\t\t<div class=\"elementor-widget-container\">\n\t\t\t<h2 class=\"elementor-heading-title elementor-size-default\">Luanco: Una bella Villa marinera con mucha historia<\/h2>\t\t<\/div>\n\t\t\t\t<\/div>\n\t\t\t\t<div class=\"elementor-element elementor-element-221922d elementor-widget elementor-widget-text-editor\" data-id=\"221922d\" data-element_type=\"widget\" data-widget_type=\"text-editor.default\">\n\t\t\t\t<div class=\"elementor-widget-container\">\n\t\t\t\t\t<div class=\"elementor-text-editor elementor-clearfix\"><p style=\"text-align: center;\">Luanco es un pueblo pintoresco y animado, con un casco hist\u00f3rico salpicado de casas de colores y balcones acristalados. Su calle principal desemboca en la <strong>parroquia de Santa Mar\u00eda<\/strong>, una bella iglesia de piedra gris sobre el mar, del S.XVII.<\/p><p style=\"text-align: center;\">En torno al puerto, punto neur\u00e1lgico de la villa, abundan las sidrer\u00edas en las que degustar todo tipo de delicias gastron\u00f3micas (almejas a la marinera, b\u00edgaros, fritos de pich\u00edn\u2026) regadas por la mejor sidra.<br \/><br \/>Para acabar, un \u201csecreto\u201d: aunque Luanco tiene dos hermosas playas, a la izquierda de Cabo de Pe\u00f1as, en plena naturaleza, se localiza una de las m\u00e1s bonitas de Asturias: la <strong>playa de Verdicio<\/strong>, rodeada de onduladas colinas tapizadas de verde.<\/p><\/div>\n\t\t\t\t<\/div>\n\t\t\t\t<\/div>\n\t\t\t\t\t\t<\/div>\n\t\t\t<\/div>\n\t\t<\/div>\n\t\t\t\t\t\t<\/div>\n\t\t\t<\/div>\n\t\t<\/section>\n\t\t\t\t<section class=\"elementor-element elementor-element-fefa62a elementor-section-boxed elementor-section-height-default elementor-section-height-default elementor-section elementor-top-section\" data-id=\"fefa62a\" data-element_type=\"section\">\n\t\t\t\t\t\t<div class=\"elementor-container elementor-column-gap-default\">\n\t\t\t\t<div class=\"elementor-row\">\n\t\t\t\t<div class=\"elementor-element elementor-element-139b569 elementor-column elementor-col-50 elementor-top-column\" data-id=\"139b569\" data-element_type=\"column\">\n\t\t\t<div class=\"elementor-column-wrap  elementor-element-populated\">\n\t\t\t\t\t<div class=\"elementor-widget-wrap\">\n\t\t\t\t<div class=\"elementor-element elementor-element-cc04bdd elementor-widget elementor-widget-image\" data-id=\"cc04bdd\" data-element_type=\"widget\" data-widget_type=\"image.default\">\n\t\t\t\t<div class=\"elementor-widget-container\">\n\t\t\t\t\t<div class=\"elementor-image\">\n\t\t\t\t\t\t\t\t\t\t<img width=\"708\" height=\"449\" src=\"https:\/\/fincaelcarbayal.com\/wp-content\/uploads\/2021\/01\/PlayaVerdicio-finca-el-carbayal.jpg\" class=\"attachment-large size-large\" alt=\"\" loading=\"lazy\" srcset=\"https:\/\/fincaelcarbayal.com\/wp-content\/uploads\/2021\/01\/PlayaVerdicio-finca-el-carbayal.jpg 708w, https:\/\/fincaelcarbayal.com\/wp-content\/uploads\/2021\/01\/PlayaVerdicio-finca-el-carbayal-405x257.jpg 405w, https:\/\/fincaelcarbayal.com\/wp-content\/uploads\/2021\/01\/PlayaVerdicio-finca-el-carbayal-300x190.jpg 300w\" sizes=\"(max-width: 708px) 100vw, 708px\" \/>\t\t\t\t\t\t\t\t\t\t\t<\/div>\n\t\t\t\t<\/div>\n\t\t\t\t<\/div>\n\t\t\t\t\t\t<\/div>\n\t\t\t<\/div>\n\t\t<\/div>\n\t\t\t\t<div class=\"elementor-element elementor-element-311f781 elementor-column elementor-col-50 elementor-top-column\" data-id=\"311f781\" data-element_type=\"column\">\n\t\t\t<div class=\"elementor-column-wrap  elementor-element-populated\">\n\t\t\t\t\t<div class=\"elementor-widget-wrap\">\n\t\t\t\t<div class=\"elementor-element elementor-element-aad1f20 elementor-widget elementor-widget-image\" data-id=\"aad1f20\" data-element_type=\"widget\" data-widget_type=\"image.default\">\n\t\t\t\t<div class=\"elementor-widget-container\">\n\t\t\t\t\t<div class=\"elementor-image\">\n\t\t\t\t\t\t\t\t\t\t<img width=\"650\" height=\"450\" src=\"https:\/\/fincaelcarbayal.com\/wp-content\/uploads\/2021\/01\/playa-xago-en-asturias-finca-el-carbayal.jpg\" class=\"attachment-large size-large\" alt=\"\" loading=\"lazy\" srcset=\"https:\/\/fincaelcarbayal.com\/wp-content\/uploads\/2021\/01\/playa-xago-en-asturias-finca-el-carbayal.jpg 650w, https:\/\/fincaelcarbayal.com\/wp-content\/uploads\/2021\/01\/playa-xago-en-asturias-finca-el-carbayal-405x280.jpg 405w, https:\/\/fincaelcarbayal.com\/wp-content\/uploads\/2021\/01\/playa-xago-en-asturias-finca-el-carbayal-300x208.jpg 300w\" sizes=\"(max-width: 650px) 100vw, 650px\" \/>\t\t\t\t\t\t\t\t\t\t\t<\/div>\n\t\t\t\t<\/div>\n\t\t\t\t<\/div>\n\t\t\t\t\t\t<\/div>\n\t\t\t<\/div>\n\t\t<\/div>\n\t\t\t\t\t\t<\/div>\n\t\t\t<\/div>\n\t\t<\/section>\n\t\t\t\t<section class=\"elementor-element elementor-element-f30e6da elementor-section-boxed elementor-section-height-default elementor-section-height-default elementor-section elementor-top-section\" data-id=\"f30e6da\" data-element_type=\"section\">\n\t\t\t\t\t\t<div class=\"elementor-container elementor-column-gap-default\">\n\t\t\t\t<div class=\"elementor-row\">\n\t\t\t\t<div class=\"elementor-element elementor-element-54a0572 elementor-column elementor-col-50 elementor-top-column\" data-id=\"54a0572\" data-element_type=\"column\">\n\t\t\t<div class=\"elementor-column-wrap  elementor-element-populated\">\n\t\t\t\t\t<div class=\"elementor-widget-wrap\">\n\t\t\t\t<div class=\"elementor-element elementor-element-f2d3eab elementor-widget elementor-widget-image\" data-id=\"f2d3eab\" data-element_type=\"widget\" data-widget_type=\"image.default\">\n\t\t\t\t<div class=\"elementor-widget-container\">\n\t\t\t\t\t<div class=\"elementor-image\">\n\t\t\t\t\t\t\t\t\t\t<img width=\"717\" height=\"710\" src=\"https:\/\/fincaelcarbayal.com\/wp-content\/uploads\/2021\/02\/WhatsApp-Image-2021-02-02-at-19.45.04.jpeg\" class=\"attachment-large size-large\" alt=\"\" loading=\"lazy\" srcset=\"https:\/\/fincaelcarbayal.com\/wp-content\/uploads\/2021\/02\/WhatsApp-Image-2021-02-02-at-19.45.04.jpeg 717w, https:\/\/fincaelcarbayal.com\/wp-content\/uploads\/2021\/02\/WhatsApp-Image-2021-02-02-at-19.45.04-300x297.jpeg 300w, https:\/\/fincaelcarbayal.com\/wp-content\/uploads\/2021\/02\/WhatsApp-Image-2021-02-02-at-19.45.04-150x150.jpeg 150w\" sizes=\"(max-width: 717px) 100vw, 717px\" \/>\t\t\t\t\t\t\t\t\t\t\t<\/div>\n\t\t\t\t<\/div>\n\t\t\t\t<\/div>\n\t\t\t\t\t\t<\/div>\n\t\t\t<\/div>\n\t\t<\/div>\n\t\t\t\t<div class=\"elementor-element elementor-element-fb8c40b elementor-column elementor-col-50 elementor-top-column\" data-id=\"fb8c40b\" data-element_type=\"column\">\n\t\t\t<div class=\"elementor-column-wrap  elementor-element-populated\">\n\t\t\t\t\t<div class=\"elementor-widget-wrap\">\n\t\t\t\t<div class=\"elementor-element elementor-element-8553ae7 elementor-widget elementor-widget-image\" data-id=\"8553ae7\" data-element_type=\"widget\" data-widget_type=\"image.default\">\n\t\t\t\t<div class=\"elementor-widget-container\">\n\t\t\t\t\t<div class=\"elementor-image\">\n\t\t\t\t\t\t\t\t\t\t<img width=\"717\" height=\"728\" src=\"https:\/\/fincaelcarbayal.com\/wp-content\/uploads\/2021\/02\/WhatsApp-Image-2021-02-02-at-19.45.05.jpeg\" class=\"attachment-large size-large\" alt=\"\" loading=\"lazy\" srcset=\"https:\/\/fincaelcarbayal.com\/wp-content\/uploads\/2021\/02\/WhatsApp-Image-2021-02-02-at-19.45.05.jpeg 717w, https:\/\/fincaelcarbayal.com\/wp-content\/uploads\/2021\/02\/WhatsApp-Image-2021-02-02-at-19.45.05-295x300.jpeg 295w\" sizes=\"(max-width: 717px) 100vw, 717px\" \/>\t\t\t\t\t\t\t\t\t\t\t<\/div>\n\t\t\t\t<\/div>\n\t\t\t\t<\/div>\n\t\t\t\t\t\t<\/div>\n\t\t\t<\/div>\n\t\t<\/div>\n\t\t\t\t\t\t<\/div>\n\t\t\t<\/div>\n\t\t<\/section>\n\t\t\t\t\t\t<\/div>\n\t\t\t<\/div>\n\t\t<\/div>\n\t\t","protected":false},"excerpt":{"rendered":"<p>Cabo Pe\u00f1as: Frente al Cant\u00e1brico infinito Cabo de Pe\u00f1as es el punto m\u00e1s al norte de Asturias, y uno de los m\u00e1s septentrionales de Espa\u00f1a. Frente a su imponente y rocoso acantilado, s\u00f3lo se divisa el Mar Cant\u00e1brico, perdi\u00e9ndose la vista en su azul horizonte. Estamos ante un paraje de extrema belleza, natural y salvaje: [&hellip;]<\/p>\n","protected":false},"author":1,"featured_media":0,"parent":0,"menu_order":0,"comment_status":"closed","ping_status":"closed","template":"elementor_header_footer","meta":[],"_links":{"self":[{"href":"https:\/\/fincaelcarbayal.com\/index.php\/wp-json\/wp\/v2\/pages\/146"}],"collection":[{"href":"https:\/\/fincaelcarbayal.com\/index.php\/wp-json\/wp\/v2\/pages"}],"about":[{"href":"https:\/\/fincaelcarbayal.com\/index.php\/wp-json\/wp\/v2\/types\/page"}],"author":[{"embeddable":true,"href":"https:\/\/fincaelcarbayal.com\/index.php\/wp-json\/wp\/v2\/users\/1"}],"replies":[{"embeddable":true,"href":"https:\/\/fincaelcarbayal.com\/index.php\/wp-json\/wp\/v2\/comments?post=146"}],"version-history":[{"count":19,"href":"https:\/\/fincaelcarbayal.com\/index.php\/wp-json\/wp\/v2\/pages\/146\/revisions"}],"predecessor-version":[{"id":259,"href":"https:\/\/fincaelcarbayal.com\/index.php\/wp-json\/wp\/v2\/pages\/146\/revisions\/259"}],"wp:attachment":[{"href":"https:\/\/fincaelcarbayal.com\/index.php\/wp-json\/wp\/v2\/media?parent=146"}],"curies":[{"name":"wp","href":"https:\/\/api.w.org\/{rel}","templated":true}]}}